at is -1010 (base 2) in base 6?
-14
Convert 10 (base 3) to base 7.
3
What is 6 (base 12) in base 5?
11
1 (base 4) to base 3
1
What is 4 (base 13) in base 15?
4
Convert -ae (base 16) to base 15.
-b9
-325 (base 6) to base 16
-7d
-15 (base 9) to base 4
-32
What is 63 (base 7) in base 15?
30
Convert -1010 (base 2) to base 3.
-101
Convert -5 (base 14) to base 7.
-5
What is -79 (base 15) in base 11?
-a4
Convert -12102 (base 3) to base 14.
-a6
What is -7 (base 10) in base 14?
-7
What is 154 (base 7) in base 6?
224
0 (base 5) to base 8
0
Convert 111111 (base 2) to base 15.
43
Convert -106 (base 8) to base 13.
-55
Convert -1010 (base 2) to base 16.
-a
Convert 3e (base 15) to base 3.
2012
165 (base 11) to base 4
3000
Convert 16 (base 8) to base 15.
e
What is 1 (base 13) in base 10?
1
Convert 104 (base 9) to base 8.
125
What is -2 (base 11) in base 5?
-2
What is -51 (base 16) in base 15?
-56
What is -3 (base 4) in base 10?
-3
71 (base 13) to base 6
232
2 (base 14) to base 4
2
What is -29 (base 10) in base 6?
-45
What is -1 (base 5) in base 14?
-1
-3 (base 13) to base 6
-3
Convert -29 (base 15) to base 9.
-43
Convert 17 (base 10) to base 2.
10001
What is -10100 (base 2) in base 15?
-15
-44 (base 9) to base 8
-50
What is 4d (base 16) in base 3?
2212
1005 (base 6) to base 12
165
What is 24 (base 7) in base 6?
30
What is 0 (base 13) in base 7?
0
What is 48 (base 11) in base 6?
124
What is 1011010 (base 2) in base 6?
230
What is -1011000 (base 2) in base 5?
-323
Convert 6 (base 8) to base 9.
6
What is 3 (base 15) in base 4?
3
-10 (base 2) to base 12
-2
2 (base 7) to base 3
2
What is -7 (base 15) in base 11?
-7
3 (base 5) to base 6
3
What is 45 (base 6) in base 4?
131
What is -e (base 16) in base 2?
-1110
-6 (base 15) to base 3
-20
-102 (base 3) to base 10
-11
Convert -2 (base 15) to base 5.
-2
What is -a9 (base 11) in base 13?
-92
Convert -5 (base 11) to base 6.
-5
-10101 (base 2) to base 7
-30
What is 64 (base 9) in base 5?
213
What is -9 (base 15) in base 13?
-9
What is 11 (base 10) in base 6?
15
8 (base 16) to base 7
11
Convert -12 (base 7) to base 10.
-9
Convert 2 (base 9) to base 16.
2
-15 (base 6) to base 14
-b
-62 (base 10) to base 6
-142
What is 23 (base 4) in base 12?
b
Convert -67 (base 8) to base 5.
-210
Convert -1 (base 7) to base 13.
-1
8 (base 11) to base 2
1000
Convert -62 (base 15) to base 6.
-232
Convert -11 (base 7) to base 8.
-10
What is -11 (base 5) in base 12?
-6
14 (base 16) to base 13
17
-2 (base 3) to base 4
-2
-23 (base 6) to base 13
-12
Convert -220 (base 5) to base 9.
-66
14 (base 9) to base 12
11
Convert -1001 (base 2) to base 8.
-11
What is 2 (base 9) in base 14?
2
What is 103 (base 5) in base 6?
44
Convert -57 (base 8) to base 9.
-52
Convert 101 (base 3) to base 4.
22
What is 1 (base 13) in base 16?
1
-3 (base 4) to base 10
-3
What is 0 (base 3) in base 11?
0
Convert -1 (base 9) to base 3.
-1
Convert -5 (base 13) to base 7.
-5
Convert -3022 (base 4) to base 13.
-127
2 (base 15) to base 9
2
What is -2 (base 6) in base 2?
-10
What is 20 (base 7) in base 11?
13
82 (base 16) to base 12
aa
-1010 (base 5) to base 11
-109
18 (base 9) to base 11
16
What is -3c (base 14) in base 15?
-39
-13 (base 10) to base 13
-10
What is 130 (base 11) in base 12?
10a
Convert -19 (base 12) to base 6.
-33
What is 212 (base 4) in base 12?
32
What is 17 (base 8) in base 13?
12
Convert -66 (base 9) to base 7.
-114
-355 (base 6) to base 11
-120
Convert -162 (base 8) to base 3.
-11020
2 (base 14) to base 10
2
-100 (base 5) to base 14
-1b
Convert 1 (base 3) to base 6.
1
0 (base 9) to base 8
0
10 (base 11) to base 13
b
Convert 103 (base 7) to base 12.
44
Convert 11100010 (base 2) to base 13.
145
What is 6 (base 7) in base 12?
6
Convert -14 (base 5) to base 6.
-13
-20 (base 11) to base 9
-24
What is 212 (base 3) in base 9?
25
Convert -86 (base 16) to base 2.
-10000110
Convert 49 (base 12) to base 4.
321
What is -3 (base 10) in base 16?
-3
-3 (base 10) to base 3
-10
Convert -3 (base 8) to base 16.
-3
Convert -34 (base 14) to base 3.
-1201
10 (base 2) to base 6
2
Convert ae (base 15) to base 3.
20002
Convert 11 (base 6) to base 10.
7
Convert -4d (base 14) to base 12.
-59
What is 302 (base 6) in base 8?
156
What is -2 (base 11) in base 16?
-2
What is -6 (base 10) in base 4?
-12
What is -2 (base 3) in base 5?
-2
Convert 13 (base 8) to base 12.
b
-5 (base 8) to base 2
-101
Convert -354 (base 9) to base 8.
-444
What is -b (base 14) in base 8?
-13
Convert 13 (base 5) to base 7.
11
-18 (base 10) to base 8
-22
What is -35 (base 12) in base 6?
-105
Convert 4 (base 11) to base 15.
4
4a (base 15) to base 9
77
What is -453 (base 8) in base 7?
-605
What is 1d (base 15) in base 11?
26
-70 (base 14) to base 3
-10122
-1 (base 9) to base 8
-1
4 (base 5) to base 10
4
4 (base 6) to base 2
100
What is 1 (base 3) in base 13?
1
Convert -1000 (base 3) to base 12.
-23
Convert -1 (base 6) to base 13.
-1
What is 1210 (base 3) in base 8?
60
Convert 16 (base 8) to base 11.
13
What is 32 (base 15) in base 16?
2f
What is a (base 15) in base 12?
a
What is 4 (base 9) in base 13?
4
What is -3 (base 16) in base 4?
-3
What is -4 (base 5) in base 8?
-4
-45 (base 6) to base 5
-104
What is 3 (base 4) in base 16?
3
4b (base 12) to base 4
323
What is 413 (base 6) in base 8?
231
Convert -96 (base 13) to base 6.
-323
Convert -7a (base 11) to base 9.
-106
Convert 3223 (base 4) to base 9.
281
6 (base 15) to base 6
10
Convert 21 (base 6) to base 3.
111
What is c (base 15) in base 16?
c
Convert 221 (base 4) to base 6.
105
What is 12 (base 9) in base 11?
10
Convert -25 (base 16) to base 5.
-122
What is -1003 (base 4) in base 8?
-103
Convert -1001101 (base 2) to base 8.
-115
Convert -11 (base 2) to base 5.
-3
What is 5 (base 8) in base 15?
5
Convert 18 (base 12) to base 6.
32
What is 36 (base 12) in base 4?
222
Convert 31 (base 7) to base 2.
10110
What is a2 (base 13) in base 16?
84
b (base 14) to base 12
b
-42 (base 10) to base 2
-101010
What is 95 (base 13) in base 9?
145
Convert -242 (base 6) to base 9.
-118
-23 (base 11) to base 14
-1b
What is -111 (base 4) in base 11?
-1a
Convert -2 (base 16) to base 10.
-2
What is 2 (base 4) in base 8?
2
Convert 11 (base 2) to base 10.
3
Convert -50 (base 10) to base 9.
-55
-3 (base 10) to base 4
-3
Convert -3c (base 16) to base 5.
-220
Convert 2 (base 10) to base 4.
2
13 (base 7) to base 11
a
Convert 3 (base 10) to base 12.
3
What is -1 (base 4) in base 12?
-1
3 (base 8) to base 2
11
What is -13 (base 11) in base 13?
-11
What is 2 (base 9) in base 15?
2
-405 (base 8) to base 7
-522
Convert -33 (base 10) to base 2.
-100001
What is -410 (base 6) in base 14?
-aa
1 (base 10) to base 14
1
-1 (base 2) to base 6
-1
-7 (base 15) to base 13
-7
-31 (base 7) to base 14
-18
What is 1144 (base 5) in base 8?
256
What is 221 (base 6) in base 5?
320
What is -2 (base 15) in base 14?
-2
Convert -5 (base 16) to base 12.
-5
What is 15 (base 8) in base 14?
d
Convert -64 (base 9) to base 11.
-53
What is -10 (base 3) in base 12?
-3
What is -504 (base 6) in base 16?
-b8
-1 (base 15) to base 8
-1
What is -5 (base 13) in base 2?
-101
7 (base 14) to base 10
7
Convert -3 (base 13) to base 3.
-10
Convert 1 (base 8) to base 6.
1
Convert 15 (base 12) to base 3.
122
Convert 130 (base 7) to base 15.
4a
-5 (base 6) to base 16
-5
2 (base 15) to base 13
2
-1300 (base 5) to base 6
-532
-1 (base 9) to base 7
-1
Convert 0 (base 7) to base 3.
0
What is 3a (base 16) in base 9?
64
What is -3 (base 10) in base 2?
-11
-1100 (base 2) to base 14
-c
0 (base 6) to base 14
0
What is 2 (base 5) in base 10?
2
What is 10111 (base 2) in base 14?
19
-22 (base 7) to base 14
-12
Convert 31 (base 5) to base 3.
121
Convert -10111100 (base 2) to base 3.
-20222
-13 (base 5) to base 7
-11
-13 (base 10) to base 11
-12
Convert -15 (base 16) to base 10.
-21
What is -3 (base 10) in base 9?
-3
What is 36 (base 14) in base 16?
30
Convert 5 (base 15) to base 4.
11
What is 2 (base 14) in base 2?
10
What is 1 (base 7) in base 6?
1
What is -1 (base 15) in base 11?
-1
What is 2 (base 11) in base 2?
10
-100 (base 3) to base 5
-14
Convert 10 (base 3) to base 16.
3
What is -14 (base 6) in base 12?
-a
Convert -1000 (base 2) to base 11.
-8
What is 3 (base 10) in base 5?
3
Convert -3a (base 14) to base 5.
-202
What is -7 (base 15) in base 3?
